b - 1 = 3, b + 2 = 0. Suppose -3*m - 2*m - 12 = -3*n, -2*n - 4*m + 8 = g. Is 1/4 + 627/n a prime number?
True
Let a(h) = -191*h**3 + h**2 - h - 2. Let j = -8 + 7. Is a(j) prime?
True
Let x = 42 - -14. Suppose 2*v + x - 238 = 0. Is v a prime number?
False
Let f(p) = 51*p**3 + p**2 + 2*p - 2. Let i be f(2). Is ((-18)/27)/((-4)/i) a prime number?
False
Suppose -4*n = -9*n + 10. Let f(c) = -6*c**3 - 3*c**2 - c - 3. Let z(p) = -6*p**3 - 3*p**2 - 2*p - 4. Let h(a) = -3*f(a) + 2*z(a). Is h(n) composite?
False
Suppose 18784 = 4*j - 7612. Is j a prime number?
True
Let m = 59 + 2. Let x = m + -20. Suppose 4*a - 539 = x. Is a prime?
False
Let z be (870/9)/(-5)*6. Let l = 295 + z. Is l a composite number?
False
Suppose -2 + 10 = w. Let m = w - 6. Suppose m = -2*v + c + 36, 4*c - 29 = -3*v. Is v prime?
False
Let q(k) = 1894*k - 15. Is q(4) a composite number?
False
Let p be (2/(-4))/(12/(-168)). Let f = p - -30. Is f a prime number?
True
Is ((-40)/3 - 7/(-21))*-3 a prime number?
False
Is (-7820)/(-7) + (-14)/98 prime?
True
Is -1 + 62 - (0 - -2) prime?
True
Let r(d) = d**2 + 3*d + 4. Let a be 15/(2*6/16). Suppose a = -4*l - 0*l. Is r(l) composite?
True
Suppose 7 = -4*o - 5. Let u = o + 3. Suppose 0*a - 5*j = a - 68, u = -a + 2*j + 47. Is a a composite number?
False
Let c(g) = -15*g**3 + g**2 + 3*g + 1. Let q be (-70)/(-15) - (-2)/6. Let k = -7 + q. Is c(k) a composite number?
True
Let q be 175 + 1 + 1 + -1. Suppose 0 = 4*l - r + 251, l + 2*l - 5*r + 184 = 0. Let u = q + l. Is u a prime number?
True
Let i be (-4)/(-18) + (-6805)/45. Let q = 252 + i. Suppose 135 = 4*x - q. Is x a prime number?
True
Suppose -3*k - 163 = -4*k. Is k a composite number?
False
Suppose l = -2 + 8. Is ((-3)/l)/(3/(-114)) a prime number?
True
Let z = 6 - 6. Suppose 4*l = -4*j + 140, z*j = 4*j + l - 146. Is j prime?
True
Let y(g) = -18*g - 4. Let h be y(6). Let t be (2/(-3))/((-10)/2535). Let o = h + t. Is o a composite number?
True
Suppose 0 = 3*z - 6*z - 18. Is (-4)/6 - 2242/z composite?
False
Let j(w) = w**3 - 11*w**2 + 10*w + 3. Let f be j(10). Suppose 0 = f*a - 5*x - 352, a + x = 4*x + 124. Is a a composite number?
False
Suppose 12*q + 8080 = 23908. Is q composite?
False
Let d be 75/10 - 2/(-4). Suppose 172 + d = -4*k. Let t = k + 66. Is t composite?
True
Let v be (-4)/(4/(3 - 263)). Let x = v + -183. Is x a prime number?
False
Is 169/9 - 4/(-18) a prime number?
True
Let c = 9 - 5. Suppose -393 = -c*v + r, -r - 190 = -3*v + 106. Is v a prime number?
True
Let r(k) = 12*k**2 - 5*k + 5. Is r(-10) a prime number?
False
Suppose -6*q - 665 = -q. Is (-6)/(-27) + q/(-9) prime?
False
Suppose -5*c + 164 = 2*m, 4*c = m + m + 142. Suppose -5*p + 209 = c. Is p a composite number?
True
Let y = 61 - 105. Let a = y + 100. Let c = a - -11. Is c a composite number?
False
Suppose -5*l + 3*w + 20 = -l, 0 = -l + 4*w + 18. Let y(t) = 0 + t**3 - 4*t + 3 - l - 5*t**2 + 2. Is y(6) a prime number?
False
Let g(x) = -x**3 - 6*x**2 + 7*x + 1. Let c be g(-7). Is c/(-2)*(-2 + -60) a composite number?
False
Is 3/2*8936/12 prime?
True
Let n(t) be the second derivative of t**5/20 - 5*t**4/12 + t**3/6 - 5*t**2/2 + 3*t. Is n(6) a composite number?
False
Suppose -2*i + 5*l = -522, -3*i - 73 = -4*l - 842. Is i prime?
True
Let g = 166 - 5. Is g a prime number?
False
Suppose 3*l = -0*l + 3. Let v(h) = -3*h - 3*h - l + 19*h**2 + 0 + 3*h. Is v(3) composite?
True
Suppose k + 1582 = 5*h, 2*k = 4*h - 586 - 676. Is h prime?
True
Let p = 301 - -126. Is p prime?
False
Let k(l) = -72*l**3 - 4*l**2 + 6*l - 1. Let f(g) = -215*g**3 - 11*g**2 + 17*g - 3. Let u(y) = -6*f(y) + 17*k(y). Let m = 7 + -6. Is u(m) prime?
False
Let a(c) = -c**2 - c + 6. Let b be a(-3). Suppose 0 = 5*t - 20, o + 4*t - 28 - 115 = b. Is o a prime number?
True
Suppose 3*q + 3*k - 5*k - 81 = 0, q = -4*k + 13. Suppose -2*i - 879 = 5*a, 4*a - 434 = i + q. Is i/(-9) - (-2)/(-3) a prime number?
False
Suppose 5*w - 4*c = -28, -4*w = 2*c + 2*c + 44. Let u be w/28 + (-23)/(-7). Suppose a = u, z - 5*z - 4*a + 152 = 0. Is z composite?
True
Suppose 2*g + 55 = 19. Is ((-534)/4)/(9/g) a composite number?
True
Let s = 1041 + 248. Is 6/(-27) + s/9 prime?
False
Suppose -2*b = -c - c - 430, 3*c = 12. Is b a composite number?
True
Let u = 5 - 1. Suppose h - 215 = -u*y, 2*y = 2*h - 3*y - 417. Is h a composite number?
False
Let x = 2265 - 1091. Is x a prime number?
False
Suppose -164 = -2*o - 4*a, 0*o = 3*o - 3*a - 246. Suppose -o = -4*v - 2*n, 5*v - 2*n + n = 120. Is v composite?
False
Is 137 - (-12)/9*-3 composite?
True
Is 3/(-3 - -6) - -148 a composite number?
False
Suppose 0*h - 4*h = 0. Suppose -2*d + 542 = -5*f + 2193, h = -2*f + d + 660. Is f a prime number?
True
Let j(a) be the third derivative of 23*a**7/280 + a**6/360 - a**5/60 + a**4/24 - 2*a**3/3 - a**2. Let c(f) be the first derivative of j(f). Is c(1) prime?
False
Let s = -61 - -265. Let v = -298 - -161. Let t = v + s. Is t a composite number?
False
Is 35/35 - (-587 - -1) a composite number?
False
Is 12/(-42) + 41187/21 a prime number?
False
Let k be 17/2 - 1/2. Let n = 18 - k. Is n prime?
False
Let v = -2 - -3. Let d be (-1)/(v - 147/144). Let b = d + -27. Is b a prime number?
False
Suppose -2*h - 7298 = -2*v - 7*h, 5*h + 18315 = 5*v. Is v composite?
False
Suppose -7*c + 2514 = -c. Is c composite?
False
Suppose -3*w - 181 - 192 = -2*g, -2*w = 2*g - 348. Is g prime?
True
Let x = -280 + 939. Let b = -329 + x. Suppose 67 - b = -l. Is l a prime number?
True
Suppose 0*g = 4*o - g - 8, 3*g - 12 = 0. Suppose o*y + 6 = 1281. Suppose -3*l - 2*l + y = 0. Is l a composite number?
True
Let h be (-54)/(-4) - 7/14. Let d = -3 + h. Is d prime?
False
Let j(w) = -w**3 + 20*w**2 - 17*w + 5. Is j(13) composite?
False
Let k(a) = 2*a**2 + 20*a + 11. Is k(-16) composite?
True
Suppose -6*w - 4 = 4*o - 2*w, 4*o - 4*w = -20. Let v = o + 2. Is (v/2)/((-2)/52) a prime number?
True
Let w(j) = -j**3 + 4*j**2 - 3. Let r be w(-3). Let i = -9 + r. Is i prime?
False
Let k be 2 + (-2)/(-2) - -176. Suppose k = u - x + 37, 288 = 2*u + 2*x. Is u a prime number?
False
Let r(s) = 5*s - 2. Let m(o) = -6*o + 2. Let g(a) = 4*m(a) + 5*r(a). Let v be g(4). Suppose -v*z = -70 - 40. Is z prime?
False
Suppose 0 = -h + 2*h + 4*v - 219, -5 = -v. Is h composite?
False
Let m be 4245/18 + (-2)/(-12). Suppose 0 = 2*d - 0*d - m. Suppose 0*l - 3*l - d = -v, 2*l + 224 = 2*v. Is v prime?
True
Let x = -4 + 4. Suppose x = -5*r - v + 13, -5*r + 0*r + 11 = 2*v. Suppose r*f = 4*f - 31. Is f a prime number?
True
Suppose -4*t - t - 152 = -v, -5*v - 2*t + 625 = 0. Is v composite?
False
Let d(x) = -7*x**3 - x**2 - 3*x + 4. Let m(g) = -20*g**3 - 2*g**2 - 8*g + 11. Let l(z) = -8*d(z) + 3*m(z). Is l(-3) prime?
True
Let p(c) = 8*c**3 - c - 8. Is p(3) a prime number?
False
Let z be (2/6)/((-1)/(-3)). Let j be (12/(-9))/(z/3). Let l(b) = -b**3 + 2*b + 2. Is l(j) prime?
False
Suppose -2*s + 4*c = -0*s - 72, 0 = -2*c - 8. Let p be s/1*50/8. Suppose 3*i = -5*z + p, 0*z + 157 = 3*i - 4*z. Is i prime?
False
Let s be (1/(-3))/(4/(-60)). Suppose 2*i = s*k + 145, -4*i - 5*k - 225 = -7*i. Suppose i = 4*j - 56. Is j prime?
False
Suppose l - 2309 = -2*h, 3*h - 6939 = -3*l + h. Is l prime?
False
Suppose 2*a - 4*r = 283 + 137, 0 = -5*a + 5*r + 1070. Is a prime?
False
Let t(x) = 89*x**2 - x + 1. Let b be t(1). Suppose -2*y + 4*l + 46 = -0*l, -5*y + b = 3*l. Let s = y + -6. Is s a composite number?
False
Let i be (-4 + 3)/((-2)/12). Suppose 5*l - 19 = i. Suppose 8 + 102 = l*o. Is o a prime number?
False
Let b(u) = -u**3 - 7*u**2 + 8. Let m be b(-7). Let y = -5 + m. Suppose -2*z - 3*q + 18 = q, -2*q = -y*z + 51. Is z composite?
True
Suppose -4*m = m - 70. Is m a composite number?
True
Let v = -3156 + 4811. Is v prime?
False
Suppose b + 1 = 5. Suppose -b*z - 74 = 5*q - 470, 0 = -z + q + 90. Is z a composite number?
True
Suppose 6*b - b - 20 = 0. Suppose -3*q + 4*h = -429, -4*q = -0*h + b*h - 544. Is q prime?
True
Let o = 0 + 5. Suppose 0*j + 2*j - 471 = o*r, 2*j - r - 467 = 0. Is j composite?
False
Suppose 1248 = 3*y - 0*y. Suppose -839 = -5*g + y. Is g composite?
False
Let p be (2 + -3 - 1) + 337. Suppose -3*u + p = 2*u. Is u prime?
True
Is 7/(2324/(-3890) + 6/10) prime?
False
Suppose 3*f + 3*u - 2292 = 0, -f - 2*u + 397 = -364. Is f prime?
False
Let n be 0 + 4 + (-3 - -1). Suppose 0*d = 2*i - n*